4
Calculate the greatest common factor of 861704296 and 136.
136
What is the highest common factor of 47601002 and 1366?
1366
Calculate the highest common divisor of 190 and 11733070.
190
What is the greatest common factor of 79030 and 17920?
70
What is the highest common divisor of 58 and 65285554?
58
Calculate the greatest common factor of 1321534 and 147246.
46
What is the highest common factor of 1520899 and 198749?
853
Calculate the highest common divisor of 466248 and 1296.
24
Calculate the greatest common factor of 13842343 and 8464.
529
What is the highest common factor of 8448 and 1364484?
132
What is the greatest common factor of 2217610 and 63300?
2110
Calculate the greatest common factor of 9790 and 27378002.
178
What is the highest common divisor of 162052 and 125048?
1276
Calculate the greatest common factor of 486 and 128913282.
162
What is the greatest common divisor of 5284 and 6428?
4
What is the highest common factor of 30098 and 3948494?
202
What is the highest common divisor of 3425058 and 7?
7
Calculate the greatest common divisor of 34941140 and 69.
23
Calculate the highest common factor of 12921594 and 882.
294
What is the highest common factor of 93 and 4900668?
3
Calculate the greatest common divisor of 986520 and 88.
8
What is the greatest common factor of 5520075 and 175?
25
Calculate the highest common factor of 1131878 and 880.
22
Calculate the greatest common divisor of 36100 and 49933900.
1900
What is the highest common divisor of 28200026 and 4710?
314
What is the highest common divisor of 9555 and 64883?
91
Calculate the greatest common divisor of 715 and 54963051.
143
Calculate the highest common factor of 6376981 and 182.
13
What is the greatest common divisor of 1792 and 22464256?
256
Calculate the greatest common factor of 3003517863 and 757.
757
What is the highest common factor of 6 and 26841?
3
Calculate the highest common divisor of 368 and 508784.
16
Calculate the greatest common factor of 838758 and 4386.
258
What is the highest common divisor of 8581608 and 252?
252
What is the greatest common factor of 5204342 and 15314?
806
Calculate the greatest common factor of 56 and 355949230.
14
Calculate the greatest common divisor of 98 and 5788804.
14
What is the highest common factor of 7245 and 225149645?
805
What is the greatest common divisor of 2453235 and 5330?
205
What is the highest common divisor of 17263 and 176875?
283
Calculate the greatest common divisor of 105720 and 120.
120
What is the highest common divisor of 21583951 and 1175?
47
Calculate the highest common factor of 437 and 720309.
19
What is the greatest common factor of 34375708 and 575?
23
What is the highest common factor of 25632 and 90144?
288
What is the highest common divisor of 67 and 12391784?
67
What is the highest common factor of 695072 and 156832?
928
Calculate the highest common divisor of 8605773 and 891.
99
Calculate the highest common factor of 4465826 and 39701.
1073
What is the highest common factor of 656 and 9338816?
656
Calculate the greatest common divisor of 464 and 10077384.
232
Calculate the greatest common factor of 1768452 and 35406.
42
What is the greatest common factor of 4241332 and 57?
19
What is the highest common factor of 3349 and 677089?
197
Calculate the highest common factor of 42651459 and 747.
747
What is the highest common divisor of 3920994 and 88396?
6314
Calculate the highest common factor of 1136711 and 20303.
257
What is the highest common divisor of 15549633 and 20493?
2277
Calculate the greatest common factor of 2013104 and 591617.
2677
Calculate the greatest common factor of 2028 and 954512.
676
What is the highest common divisor of 792 and 3417768?
72
Calculate the greatest common factor of 1986 and 11096444.
662
Calculate the highest common divisor of 90528675 and 100.
25
Calculate the greatest common factor of 6927885 and 2655.
45
Calculate the greatest common factor of 366119 and 663.
13
Calculate the greatest common divisor of 59 and 814365672.
59
What is the highest common divisor of 282197 and 260190?
59
What is the highest common divisor of 170 and 48859666?
34
Calculate the greatest common factor of 3038 and 2642463033.
1519
Calculate the greatest common divisor of 4810368 and 192.
192
What is the highest common divisor of 292 and 1278814?
146
Calculate the greatest common factor of 286464 and 1615836.
4476
Calculate the highest common divisor of 651126 and 78.
6
Calculate the highest common divisor of 6513610 and 790.
10
Calculate the greatest common divisor of 4276869 and 4944.
309
Calculate the highest common factor of 2811845 and 545.
5
What is the greatest common divisor of 666 and 4411917?
333
What is the highest common factor of 77792900 and 50?
50
Calculate the greatest common factor of 16939489 and 159.
53
Calculate the greatest common factor of 82418 and 11765590.
1682
What is the highest common divisor of 562626 and 118233?
4077
Calculate the highest common factor of 360386700 and 214.
214
Calculate the greatest common factor of 6232141 and 17861.
337
What is the greatest common factor of 45136707 and 31339?
2849
Calculate the highest common factor of 25298465 and 51.
17
What is the highest common divisor of 3200 and 38816?
32
Calculate the greatest common divisor of 190538 and 67962.
94
Calculate the greatest common divisor of 3388 and 413798.
154
What is the greatest common divisor of 9287928 and 2808?
936
Calculate the highest common factor of 177 and 20829183.
177
Calculate the greatest common divisor of 7609 and 113546933.
1087
Calculate the highest common divisor of 348607135 and 2085.
695
Calculate the highest common divisor of 60294 and 2238.
6
What is the greatest common divisor of 5184 and 3875904?
1728
What is the highest common factor of 27768 and 6584812?
52
Calculate the greatest common divisor of 336 and 124606398.
42
What is the greatest common factor of 102560881 and 9401?
1343
Calculate the greatest common factor of 22928891 and 9121.
1303
What is the highest common factor of 724 and 28976833?
181
Calculate the highest common factor of 36216619 and 649.
59
What is the highest common factor of 427561 and 11023?
73
What is the highest common divisor of 6875207 and 209?
19
What is the greatest common divisor of 34946 and 750820?
346
What is the greatest common divisor of 127520365 and 5845?
5845
Calculate the highest common divisor of 480 and 91248.
48
What is the greatest common divisor of 34344096 and 27748?
3964
What is the highest common factor of 80314240 and 16?
16
Calculate the greatest common divisor of 25304 and 1382850948.
12652
Calculate the greatest common divisor of 38968170 and 174.
174
Calculate the greatest common factor of 330920589 and 17.
17
Calculate the greatest common factor of 434852 and 363.
11
Calculate the greatest common factor of 559 and 609791299.
559
Calculate the greatest common factor of 216683 and 143267.
23
What is the highest common divisor of 6516 and 16597338?
1086
What is the highest common factor of 58144 and 36185792?
2528
What is the greatest common factor of 833660 and 30?
10
What is the highest common divisor of 35 and 31297574?
7
Calculate the highest common factor of 2508 and 5934588.
132
What is the highest common factor of 1341 and 11030619?
447
Calculate the greatest common factor of 1008 and 559472.
16
Calculate the highest common divisor of 22770 and 722595.
15
What is the greatest common divisor of 847 and 522907?
77
Calculate the highest common divisor of 9061 and 442595.
697
What is the greatest common divisor of 19796112 and 180?
36
Calculate the greatest common factor of 375875 and 57133.
3007
Calculate the highest common factor of 3160 and 2165880.
40
What is the greatest common factor of 375 and 466959?
3
Calculate the greatest common factor of 540 and 1799660.
20
Calculate the greatest common factor of 1375380 and 125010.
270
What is the highest common divisor of 100449975 and 150?
75
What is the highest common divisor of 538 and 2904931?
269
What is the greatest common factor of 32268277 and 3859?
227
Calculate the highest common factor of 58476594 and 6248.
1562
Calculate the greatest common factor of 80926 and 1577116.
1882
What is the highest common divisor of 156 and 44828394?
78
Calcu